{"id":37,"date":"2023-06-27T13:07:56","date_gmt":"2023-06-27T13:07:56","guid":{"rendered":"https:\/\/historiaintelectual.es\/?page_id=37"},"modified":"2023-06-27T18:49:01","modified_gmt":"2023-06-27T18:49:01","slug":"contacto","status":"publish","type":"page","link":"https:\/\/historiaintelectual.es\/?page_id=37","title":{"rendered":"CONTACTO"},"content":{"rendered":"\n<h2 class=\"wp-block-heading has-text-align-center has-white-color has-light-gray-background-color has-text-color has-background has-regular-font-size\">Grupo de Investigaci\u00f3n en Historia Intelectual de la Pol\u00edtica Moderna<\/h2>\n\n\n\n<p class=\"has-small-font-size\">Lenguajes, conceptos y discursos.<\/p>\n\n\n\n<p class=\"has-small-font-size\"><strong>Departamento de Derecho Constitucional e Historia del Pensamiento y de los Movimientos Sociales y Pol\u00edticos.<\/strong><br>Facultad de Ciencias Sociales y de la Comunicaci\u00f3n.<\/p>\n\n\n\n<p class=\"has-small-font-size\">B\u00b0 Sarriena, s\/n. 48940 LEIOA (Bizkaia)<br><strong>Tel.:<\/strong>\u00a0+34 946 012 342<br><strong>Fax:<\/strong>\u00a0+34 946 013 399<br><strong>Correo electr\u00f3nico:<\/strong> pedrojose.chacon@ehu.es<\/p>\n\n\n\n<p class=\"has-accent-color has-text-color has-small-font-size\"><a href=\"https:\/\/www.ehu.eus\/es\/web\/grupo-historia-intelectual-politica-moderna\" target=\"_blank\" rel=\"noreferrer noopener\">Grupo de historia intelectual de la pol\u00edtica moderna: conflictos y lenguajes jur\u00eddico-pol\u00edticos &#8211; UPV\/EHU<\/a><\/p>\n","protected":false},"excerpt":{"rendered":"<p>Grupo de Investigaci\u00f3n en Historia Intelectual de la Pol\u00edtica Moderna Lenguajes, conceptos y discursos. Departamento de Derecho Constitucional e Historia del Pensamiento y de los Movimientos Sociales y Pol\u00edticos.Facultad de Ciencias Sociales y de la Comunicaci\u00f3n. B\u00b0 Sarriena, s\/n. 48940&#8230; <a class=\"more-link\" href=\"https:\/\/historiaintelectual.es\/?page_id=37\">Seguir leyendo &rarr;<\/a><\/p>\n","protected":false},"author":1,"featured_media":0,"parent":0,"menu_order":0,"comment_status":"closed","ping_status":"closed","template":"","meta":[],"_links":{"self":[{"href":"https:\/\/historiaintelectual.es\/index.php?rest_route=\/wp\/v2\/pages\/37"}],"collection":[{"href":"https:\/\/historiaintelectual.es\/index.php?rest_route=\/wp\/v2\/pages"}],"about":[{"href":"https:\/\/historiaintelectual.es\/index.php?rest_route=\/wp\/v2\/types\/page"}],"author":[{"embeddable":true,"href":"https:\/\/historiaintelectual.es\/index.php?rest_route=\/wp\/v2\/users\/1"}],"replies":[{"embeddable":true,"href":"https:\/\/historiaintelectual.es\/index.php?rest_route=%2Fwp%2Fv2%2Fcomments&post=37"}],"version-history":[{"count":3,"href":"https:\/\/historiaintelectual.es\/index.php?rest_route=\/wp\/v2\/pages\/37\/revisions"}],"predecessor-version":[{"id":177,"href":"https:\/\/historiaintelectual.es\/index.php?rest_route=\/wp\/v2\/pages\/37\/revisions\/177"}],"wp:attachment":[{"href":"https:\/\/historiaintelectual.es\/index.php?rest_route=%2Fwp%2Fv2%2Fmedia&parent=37"}],"curies":[{"name":"wp","href":"https:\/\/api.w.org\/{rel}","templated":true}]}}

<h2 class="wp-block-heading has-text-align-center has-white-color has-light-gray-background-color has-text-color has-background has-regular-font-size">Grupo de Investigación en Historia Intelectual de la Política Moderna</h2>



<p class="has-small-font-size">Lenguajes, conceptos y discursos.</p>



<p class="has-small-font-size"><strong>Departamento de Derecho Constitucional e Historia del Pensamiento y de los Movimientos Sociales y Políticos.</strong><br>Facultad de Ciencias Sociales y de la Comunicación.</p>



<p class="has-small-font-size">B° Sarriena, s/n. 48940 LEIOA (Bizkaia)<br><strong>Tel.:</strong> +34 946 012 342<br><strong>Fax:</strong> +34 946 013 399<br><strong>Correo electrónico:</strong> pedrojose.chacon@ehu.es</p>



<p class="has-accent-color has-text-color has-small-font-size"><a href="https://www.ehu.eus/es/web/grupo-historia-intelectual-politica-moderna" target="_blank" rel="noreferrer noopener">Grupo de historia intelectual de la política moderna: conflictos y lenguajes jurídico-políticos &#8211; UPV/EHU</a></p>

<p>Grupo de Investigación en Historia Intelectual de la Política Moderna Lenguajes, conceptos y discursos. Departamento de Derecho Constitucional e Historia del Pensamiento y de los Movimientos Sociales y Políticos.Facultad de Ciencias Sociales y de la Comunicación. B° Sarriena, s/n. 48940&#8230; <a class="more-link" href="https://historiaintelectual.es/?page_id=37">Seguir leyendo &rarr;</a></p>
