{"id":19,"date":"2023-06-27T13:04:53","date_gmt":"2023-06-27T13:04:53","guid":{"rendered":"https:\/\/historiaintelectual.es\/?page_id=19"},"modified":"2023-06-27T18:17:06","modified_gmt":"2023-06-27T18:17:06","slug":"proyectos-de-investigacion","status":"publish","type":"page","link":"https:\/\/historiaintelectual.es\/?page_id=19","title":{"rendered":"PROYECTOS DE INVESTIGACI\u00d3N"},"content":{"rendered":"\n<p class=\"has-small-font-size\"><strong>T\u00edtulo del proyecto:<\/strong>\u00a0Historia intelectual de la pol\u00edtica moderna (Grupo Consolidado de Investigaci\u00f3n del Sistema Universitario Vasco: IT-1663-22)<br><strong>Entidad financiadora:<\/strong>\u00a0Departamento de Educaci\u00f3n, Universidades e Investigaci\u00f3n (Gobierno Vasco)<br><strong>Duraci\u00f3n:<\/strong>\u00a0Desde 2022 hasta 2025<br><strong>Investigador responsable:<\/strong>\u00a0Javier Tajadura Tejada<br><strong><strong>N\u00famero de investigadores participantes (y n\u00ba de investigadores de la UPV\/EHU):<\/strong>\u00a0<\/strong>34\/8<\/p>\n\n\n\n<hr class=\"wp-block-separator has-alpha-channel-opacity\"\/>\n\n\n\n<p class=\"has-small-font-size\"><strong>T\u00edtulo del proyecto:<\/strong>&nbsp;Historia Intelectual de la pol\u00edtica moderna (Grupo Consolidado de Investigaci\u00f3n del Sistema Universitario Vasco: IT-615-13)<br><strong>Entidad financiadora:<\/strong>&nbsp;Departamento de educaci\u00f3n, Universidades e Investigaci\u00f3n (Gobierno Vasco)<br><strong>Duraci\u00f3n:<\/strong>&nbsp;Desde 2013 hasta 2018<br><strong>Investigador responsable:<\/strong>&nbsp;Javier Fern\u00e1ndez Sebasti\u00e1n<br><strong>N\u00famero de investigadores participantes:<\/strong>&nbsp;56<\/p>\n\n\n\n<hr class=\"wp-block-separator has-alpha-channel-opacity\"\/>\n\n\n\n<p class=\"has-small-font-size\"><strong>T\u00edtulo del proyecto:<\/strong>&nbsp;Historia conceptual, constitucionalismo y modernidad en el mundo iberoamericano. Lenguajes y conceptos pol\u00edtico-jur\u00eddicos fundamentales (ref. HAR2010-16095)<br><strong>Investigador principal:<\/strong>&nbsp;Javier Fern\u00e1ndez Sebasti\u00e1n<br><strong>Entidad financiadora:<\/strong>&nbsp;Ministerio de Ciencias e Innovaci\u00f3n<br><strong>Duraci\u00f3n:<\/strong>&nbsp;Desde 01\/01\/2011 hasta 31\/12\/2013<\/p>\n\n\n\n<hr class=\"wp-block-separator has-alpha-channel-opacity\"\/>\n\n\n\n<p class=\"has-small-font-size\"><strong>T\u00edtulo del proyecto:<\/strong>&nbsp;Historia Intelectual de la pol\u00edtica moderna (Grupo Consolidado de Investigaci\u00f3n del Sistema Universitario Vasco: IT-38407)<br><strong>Investigador principal:<\/strong>&nbsp;Javier Fern\u00e1ndez Sebasti\u00e1n<br><strong>Entidad financiadora:<\/strong>&nbsp;Departamento de Educaci\u00f3n, Universidades e Investigaci\u00f3n (Gobierno Vasco)<br><strong>Duraci\u00f3n:<\/strong>&nbsp;Desde 01\/01\/2007 hasta 31\/12\/2012<\/p>\n\n\n\n<hr class=\"wp-block-separator has-alpha-channel-opacity\"\/>\n\n\n\n<p class=\"has-small-font-size\"><strong>T\u00edtulo del proyecto:<\/strong>&nbsp;Iberconceptos II (El mundo atl\u00e1ntico como laboratorio conceptual. Hacia un Diccionario hist\u00f3rico del lenguaje pol\u00edtico y social en Iberoam\u00e9rica)<br><strong>Investigador principal:<\/strong>&nbsp;Javier Fern\u00e1ndez Sebasti\u00e1n<br><strong>Entidad financiadora:<\/strong>&nbsp;Grupo Santander<br><strong>Duraci\u00f3n:<\/strong>&nbsp;Desde 01\/01\/2007 hasta 31\/12\/2012<\/p>\n\n\n\n<hr class=\"wp-block-separator has-alpha-channel-opacity\"\/>\n\n\n\n<p class=\"has-small-font-size\"><strong>T\u00edtulo del proyecto:<\/strong>&nbsp;El mundo atl\u00e1ntico como laboratorio conceptual (1750-1850). Hacia un Diccionario hist\u00f3rico del lenguaje pol\u00edtico y social en Iberoam\u00e9rica (Iberconceptos)<br><strong>Investigador principal:<\/strong>&nbsp;Javier Fern\u00e1ndez Sebasti\u00e1n<br><strong>Entidad financiadora:<\/strong>&nbsp;Grupo Santander<br><strong>Duraci\u00f3n:<\/strong>&nbsp;Desde 13\/12\/2004 hasta 31\/12\/2007<\/p>\n","protected":false},"excerpt":{"rendered":"<p>T\u00edtulo del proyecto:\u00a0Historia intelectual de la pol\u00edtica moderna (Grupo Consolidado de Investigaci\u00f3n del Sistema Universitario Vasco: IT-1663-22)Entidad financiadora:\u00a0Departamento de Educaci\u00f3n, Universidades e Investigaci\u00f3n (Gobierno Vasco)Duraci\u00f3n:\u00a0Desde 2022 hasta 2025Investigador responsable:\u00a0Javier Tajadura TejadaN\u00famero de investigadores participantes (y n\u00ba de investigadores de la&#8230; <a class=\"more-link\" href=\"https:\/\/historiaintelectual.es\/?page_id=19\">Seguir leyendo &rarr;<\/a><\/p>\n","protected":false},"author":1,"featured_media":0,"parent":0,"menu_order":0,"comment_status":"closed","ping_status":"closed","template":"","meta":[],"_links":{"self":[{"href":"https:\/\/historiaintelectual.es\/index.php?rest_route=\/wp\/v2\/pages\/19"}],"collection":[{"href":"https:\/\/historiaintelectual.es\/index.php?rest_route=\/wp\/v2\/pages"}],"about":[{"href":"https:\/\/historiaintelectual.es\/index.php?rest_route=\/wp\/v2\/types\/page"}],"author":[{"embeddable":true,"href":"https:\/\/historiaintelectual.es\/index.php?rest_route=\/wp\/v2\/users\/1"}],"replies":[{"embeddable":true,"href":"https:\/\/historiaintelectual.es\/index.php?rest_route=%2Fwp%2Fv2%2Fcomments&post=19"}],"version-history":[{"count":3,"href":"https:\/\/historiaintelectual.es\/index.php?rest_route=\/wp\/v2\/pages\/19\/revisions"}],"predecessor-version":[{"id":161,"href":"https:\/\/historiaintelectual.es\/index.php?rest_route=\/wp\/v2\/pages\/19\/revisions\/161"}],"wp:attachment":[{"href":"https:\/\/historiaintelectual.es\/index.php?rest_route=%2Fwp%2Fv2%2Fmedia&parent=19"}],"curies":[{"name":"wp","href":"https:\/\/api.w.org\/{rel}","templated":true}]}}

PROYECTOS DE INVESTIGACIÓN

<p class="has-small-font-size"><strong>Título del proyecto:</strong> Historia intelectual de la política moderna (Grupo Consolidado de Investigación del Sistema Universitario Vasco: IT-1663-22)<br><strong>Entidad financiadora:</strong> Departamento de Educación, Universidades e Investigación (Gobierno Vasco)<br><strong>Duración:</strong> Desde 2022 hasta 2025<br><strong>Investigador responsable:</strong> Javier Tajadura Tejada<br><strong><strong>Número de investigadores participantes (y nº de investigadores de la UPV/EHU):</strong> </strong>34/8</p>



<hr class="wp-block-separator has-alpha-channel-opacity"/>



<p class="has-small-font-size"><strong>Título del proyecto:</strong>&nbsp;Historia Intelectual de la política moderna (Grupo Consolidado de Investigación del Sistema Universitario Vasco: IT-615-13)<br><strong>Entidad financiadora:</strong>&nbsp;Departamento de educación, Universidades e Investigación (Gobierno Vasco)<br><strong>Duración:</strong>&nbsp;Desde 2013 hasta 2018<br><strong>Investigador responsable:</strong>&nbsp;Javier Fernández Sebastián<br><strong>Número de investigadores participantes:</strong>&nbsp;56</p>



<hr class="wp-block-separator has-alpha-channel-opacity"/>



<p class="has-small-font-size"><strong>Título del proyecto:</strong>&nbsp;Historia conceptual, constitucionalismo y modernidad en el mundo iberoamericano. Lenguajes y conceptos político-jurídicos fundamentales (ref. HAR2010-16095)<br><strong>Investigador principal:</strong>&nbsp;Javier Fernández Sebastián<br><strong>Entidad financiadora:</strong>&nbsp;Ministerio de Ciencias e Innovación<br><strong>Duración:</strong>&nbsp;Desde 01/01/2011 hasta 31/12/2013</p>



<hr class="wp-block-separator has-alpha-channel-opacity"/>



<p class="has-small-font-size"><strong>Título del proyecto:</strong>&nbsp;Historia Intelectual de la política moderna (Grupo Consolidado de Investigación del Sistema Universitario Vasco: IT-38407)<br><strong>Investigador principal:</strong>&nbsp;Javier Fernández Sebastián<br><strong>Entidad financiadora:</strong>&nbsp;Departamento de Educación, Universidades e Investigación (Gobierno Vasco)<br><strong>Duración:</strong>&nbsp;Desde 01/01/2007 hasta 31/12/2012</p>



<hr class="wp-block-separator has-alpha-channel-opacity"/>



<p class="has-small-font-size"><strong>Título del proyecto:</strong>&nbsp;Iberconceptos II (El mundo atlántico como laboratorio conceptual. Hacia un Diccionario histórico del lenguaje político y social en Iberoamérica)<br><strong>Investigador principal:</strong>&nbsp;Javier Fernández Sebastián<br><strong>Entidad financiadora:</strong>&nbsp;Grupo Santander<br><strong>Duración:</strong>&nbsp;Desde 01/01/2007 hasta 31/12/2012</p>



<hr class="wp-block-separator has-alpha-channel-opacity"/>



<p class="has-small-font-size"><strong>Título del proyecto:</strong>&nbsp;El mundo atlántico como laboratorio conceptual (1750-1850). Hacia un Diccionario histórico del lenguaje político y social en Iberoamérica (Iberconceptos)<br><strong>Investigador principal:</strong>&nbsp;Javier Fernández Sebastián<br><strong>Entidad financiadora:</strong>&nbsp;Grupo Santander<br><strong>Duración:</strong>&nbsp;Desde 13/12/2004 hasta 31/12/2007</p>

<p>Título del proyecto: Historia intelectual de la política moderna (Grupo Consolidado de Investigación del Sistema Universitario Vasco: IT-1663-22)Entidad financiadora: Departamento de Educación, Universidades e Investigación (Gobierno Vasco)Duración: Desde 2022 hasta 2025Investigador responsable: Javier Tajadura TejadaNúmero de investigadores participantes (y nº de investigadores de la&#8230; <a class="more-link" href="https://historiaintelectual.es/?page_id=19">Seguir leyendo &rarr;</a></p>
